 9*u**2/2 - 7*u - 3. What is the units digit of k(7)?
7
Suppose -4*z = -60 - 4. What is the tens digit of z?
1
Suppose 12*o = 7*o + 90. Suppose -q = 5*t - 5 - 13, -2*t + o = -5*q. What is the units digit of t?
4
Let p = 37 + 6. What is the tens digit of p?
4
Suppose 3*w + 0 = 60. Suppose -4*k = w, 2*h + 3*h = -5*k + 150. What is the tens digit of h?
3
Let p(s) = s**2 + s + 1. Let a be p(-2). Suppose 3*d - 30 = -3*c, 31 = d - 3*c + 5. Suppose d = -h + a*h. What is the units digit of h?
7
Let r be 2*1 - (1 + 0). Let z = 3 - r. Suppose z*i = j + 3*i - 5, -4*j + 5*i + 2 = 0. What is the units digit of j?
3
Suppose w - 8 = 2. What is the units digit of w?
0
Let n be -1*(-2 + 3) - 3. Let a be (-182)/6 + n/6. Let u = -22 - a. What is the units digit of u?
9
Let q(a) = -3*a + 1. Let c be q(-1). Suppose -3*d - 12 = -c*d. What is the tens digit of d?
1
Let d(h) be the third derivative of h**4/6 + h**3/3 - 5*h**2. What is the units digit of d(2)?
0
Let j = 178 + -74. Suppose i + 3*h - 37 = 0, -3*i - j = -7*i - h. What is the tens digit of i?
2
Suppose p - 5*w = -130, -2*p + 538 = -7*p - 3*w. What is the units digit of p/(-12) - 2/12?
9
Let n = 125 + 24. Suppose -z - 153 = -6*z - 3*y, y = 5*z - n. What is the units digit of z?
0
Suppose -15*n + 19*n = 220. What is the tens digit of n?
5
Let s(w) = w + 3*w - 6*w. Let j be s(2). Let a = j + 6. What is the units digit of a?
2
Let b(f) = -1 + 2*f - 3*f - 4*f. What is the units digit of b(-5)?
4
Let s(o) = 4*o - 4. Suppose 0 = 5*y - 10 - 5. Let n be s(y). Let x(v) = v - 6. What is the units digit of x(n)?
2
Let r(b) = -b**3 - 2*b**2 + b - 1. Let g be r(-3). Suppose -7 = -z - g. Suppose 2*o - 39 = -3*j, z*o = 4*j + 44 + 2. What is the units digit of o?
1
What is the tens digit of 2/(-15) + ((-9368)/(-60) - 0)?
5
Suppose i + i = 5*k + 13, 0 = k - 5*i - 2. Let x(y) = -3*y - 3. What is the units digit of x(k)?
6
Suppose -n + 5 = -0. Suppose -p - 1200 = -n*p. What is the tens digit of 2/7 + p/28?
1
Suppose r = 3, 8*r + 177 = 4*l + 3*r. Suppose 0*p - 3*p = 3*y - l, -4*p + 4*y = -56. What is the tens digit of p?
1
Let l(f) = -f**3 + 2*f**2 + f. Let t be 12/(-5) + (-14)/(-35). What is the tens digit of l(t)?
1
Let w(c) = 2*c + 28. What is the units digit of w(5)?
8
Let x(w) = 22*w - 18. What is the tens digit of x(5)?
9
Let r be -2 - (-7)/((-14)/(-68)). Suppose -2*k = -0*k + 2*c - r, k - 2*c = 10. What is the units digit of k?
4
Let g = 41 + -24. Suppose 3*a = -2*s + 1, -a + 2*a = 3*s - 18. Suppose -g + 57 = s*i. What is the units digit of i?
8
Let u(o) = -o**3 - 10*o**2 - 8*o + 1. Let k be u(-9). Let g = 29 - k. What is the units digit of g?
7
Let v(q) = -2*q**3 + 2*q. Let b be v(-3). What is the units digit of (-2)/6 - b/(-9)?
5
Suppose p = 4*y + 16, 4*p - 40 = y - 6. Let j = 3 - p. Let h = j - -7. What is the units digit of h?
2
Let v = -20 + 167. What is the tens digit of v?
4
Let q(r) = -4*r + 10. What is the tens digit of q(-5)?
3
Suppose -5*o - 5*p = -2*p - 565, 5*o - 560 = -2*p. What is the hundreds digit of o?
1
Suppose 0 = -v - v + 4. Suppose o - 17 = v*s, 0 = -5*o + 4*s + 25 + 54. What is the tens digit of o?
1
Let i(h) = h + 55. What is the tens digit of i(0)?
5
Let f = 346 + -177. What is the tens digit of f?
6
Let b be -4 + 12 - (-6)/2. Let c = b + -7. Suppose -c = -h + 5. What is the units digit of h?
9
Let c = -19 + 17. What is the units digit of (-4)/(-8)*c + 34?
3
Let d(z) = z**3 + 5*z**2 - 8*z + 1. Let h be d(-6). What is the tens digit of (-4 + 1 - -2) + h?
1
Suppose -u + 5 = -0. Suppose -4*a + 21 = 2*k - 5*a, 2*a = 3*k - 34. Let b = k + u. What is the tens digit of b?
1
Let y(t) = 12 + 9*t**2 - 4 + 2*t**3 - 3*t**3 + 0*t**2. Let v(l) = l**3 + 1. Let n be v(2). What is the units digit of y(n)?
8
Let l = 4 + 1. Let k(r) = 5*r - 7. What is the units digit of k(l)?
8
Let p(t) = t**3 + 4*t**2 - 5*t - 5. Let k be p(-4). Let c = 25 - k. What is the tens digit of c?
1
What is the tens digit of (1 + 1)/((-48)/(-1176))?
4
Let p = -22 + 32. Suppose -2*j = -p - 8. What is the units digit of j?
9
Suppose 0 = -5*g + 4*g + 6. What is the tens digit of (33 - -1)/(12/g)?
1
Suppose 0 = 2*p - 4*v - 120, -2*v = -3*p + 252 - 84. What is the tens digit of p?
5
Suppose -f + 3*f - 58 = 0. Let l be ((-52)/6)/((-2)/3). Suppose -2*d = l - f. What is the units digit of d?
8
What is the tens digit of 2/(-5) + 186/15?
1
Let n = 10 - 14. What is the units digit of n/(26/14 + -2)?
8
Let f = 51 + -29. What is the tens digit of f?
2
Let c be 0/(1/(0 + 1)). Let o(q) be the second derivative of -q**4/12 + q**3/6 + 7*q**2/2 + 4*q. What is the units digit of o(c)?
7
Let q be (140/(-12))/(1/(-3)). Let l = -8 + q. What is the units digit of l?
7
Let q be (5 + 1 - 0) + -2. Suppose 2*s + 4*r = 0, -q*s + 36 = -3*r + 2*r. What is the units digit of s?
8
Suppose -63*c = -62*c - 10. What is the tens digit of c?
1
Let y(t) = -t + 2. Let q be y(5). Suppose -4*z - 7 = j - 20, 0 = -z + 2. What is the units digit of (j + q)*(-3)/(-2)?
3
Let z = 95 + -105. Let m(x) be the third derivative of -x**4/12 - 7*x**3/6 + x**2. What is the units digit of m(z)?
3
Suppose 2*i + 3*i = 4*f - 119, 4*f - 107 = i. What is the units digit of -1*3/((-3)/f)?
6
Let u = 4 - 0. Suppose u*l - 2*o - 27 = 5, 0 = 2*l + 2*o - 10. Suppose -3*g - 24 = -l*g. What is the units digit of g?
6
Suppose 8 = n - 41. What is the tens digit of n?
4
Suppose 10 = 2*j - 52. What is the units digit of j?
1
Suppose 0 = -5*w - 25 + 105. Suppose 4*q = -3*k + w, 3*k - 4*k + 6 = 2*q. Suppose -3 = 3*z - k*z. What is the units digit of z?
3
Let c = 6 - -7. Suppose -3*l + c = -2*l. Suppose -2*g = 3*k - l, k + 1 = -g + 3*g. What is the units digit of k?
3
Let q be (-1)/2*(8 - -2). Let t(d) = -3*d - 5. Let o be t(q). What is the units digit of 56/o + (-6)/(-15)?
6
Let g(h) = 2*h + 4. Let p be g(6). Suppose -2*k + p = 2*r, -20 = -2*r - k + 1. Let m = 18 - r. What is the units digit of m?
5
Let c(m) = -9*m - 1. What is the units digit of c(-1)?
8
Suppose 5*x - 3*x = 4*c + 410, 0 = -3*x + c + 605. What is the units digit of x?
1
Let i(h) = 2*h + 3. Let s be i(-3). Let q = s - -7. What is the units digit of (2/q)/(3/18)?
3
Let t(h) = -62*h**3 - 2*h**2 - 3*h - 2. What is the tens digit of t(-1)?
6
Suppose -5*x + 3*x + 8 = 0. Let t(b) = b + 3. Let i be t(0). Suppose -x*v + i = -1, -2*k = 2*v - 6. What is the units digit of k?
2
Suppose -r - 2*r + 12 = 0. Let s(l) = 3 + l - r + 5 + 6. What is the units digit of s(-8)?
2
Let u = 25 - 13. Suppose u = 3*p - 3*a, -3*p - 3*a - 12 = 2*p. Suppose 3*l = -3*y - 3 + 18, p = l - 1. What is the units digit of y?
4
Let c(q) be the first derivative of -q**2/2 - 9*q + 3. Let u(l) = -6*l - 53. Let p(n) = -34*c(n) + 6*u(n). What is the units digit of p(-9)?
6
Let t(x) be the second derivative of x**4/12 + 5*x**3/6 + 2*x**2 + 6*x. Let r be ((-12)/14)/((-2)/(-14)). What is the tens digit of t(r)?
1
Let p(o) = -5*o**3 - 2*o**2 - o + 1. What is the tens digit of p(-2)?
3
Suppose -4*j - 5*r = -64, 4*r - 3*r = 5*j - 109. Suppose -j = -3*p - 4*c - 2, 5*c = 5*p - 55. What is the units digit of p?
9
Let g = 76 + -51. Suppose g = 5*c - 0*c, s = 2*c - 3. What is the units digit of s?
7
Suppose -3*d = 0, -2*i - 88 = 2*d - d. Let v = i - -71. What is the units digit of v?
7
Let f = -375 + 531. What is the tens digit of f?
5
Suppose 4*k + 2*j - 5 = 1, 0 = 4*j + 4. Suppose -3*b = 2*r - 12, 4*r + k = 5*b + 4. Suppose o = -n + 4*o - 7, 0 = -r*n - 2*o + 23. What is the units digit of n?
5
Let f(k) = k**3 + 8*k**2 + 9*k. What is the tens digit of f(-6)?
1
Suppose m + 3 = 0, -5*m - 1 - 6 = -2*d. Let a = -26 + 11. Let r = d - a. What is the units digit of r?
1
Let s(q) = q + 6. Suppose 3*z = g + z + 13, -2*g - 2*z + 4 = 0. What is the units digit of s(g)?
3
Let a(y) = y**2 + 2*y + 70. What is the tens digit of a(0)?
7
What is the tens digit of 22/(-8)*80/(-5)?
4
Suppose -5*y - 17 = -6*y. What is the units digit of y?
7
Let q be 1 + 2*-1 + 3. Let x be (q/4)/((-2)/4). What is the units digit of -2 + 5 + 0 - x?
4
What is the tens digit of 2/13 - 1972/(-26)?
7
Let m = -115 - -256. What is the hundreds digit of m?
1
Let r(i) = i**3 + 4*i**2 - 5*i + 6. Let k be r(-5). Let j be (-4)/k*(61 + -7). What is the units digit of (4/8)/((-2)/j)?
9
Let q be 2/6*(14 - -1). Let c = -3 - -3. Let r = c + q. Wh